{"id":458,"date":"2025-03-29T10:19:38","date_gmt":"2025-03-29T09:19:38","guid":{"rendered":"https:\/\/wiki.backideal.com\/?page_id=458"},"modified":"2025-03-29T10:46:07","modified_gmt":"2025-03-29T09:46:07","slug":"die-lieferschein-nummern-kurze-lange","status":"publish","type":"page","link":"https:\/\/wiki.backideal.com\/?page_id=458","title":{"rendered":"Die Lieferschein-Nummern (kurze + lange)"},"content":{"rendered":"<p><span style=\"font-family: arial, helvetica, sans-serif;\">Wir unterscheiden in <strong>B\u00e4ckerei Ideal!<\/strong> zwischen kurzen und langen Lieferschein-Nummern.<\/span><\/p>\n<p><span style=\"font-family: arial, helvetica, sans-serif;\"><strong>B\u00e4ckerei Ideal!<\/strong> bietet bis zu 6 Lieferscheine je Kunde und Lieferdatum. Jeder Lieferschein tr\u00e4gt also eine <span style=\"text-decoration: underline;\">kurze Lieferschein-Nummer<\/span> von 1 bis 6. Der Lieferschein an sich ist durch das Lieferschein-Datum und den Kunden mit seiner Kunden-Nummer eindeutig bestimmt.<\/span><\/p>\n<p><span style=\"font-family: arial, helvetica, sans-serif;\"><span style=\"font-size: 14pt;\"><span style=\"font-size: 12pt;\">Die LS-Nummer <\/span><strong>LIEFERSCHEIN: 3<\/strong><\/span> kennzeichnet die Lieferschein-Nummer zusammen <span style=\"text-decoration: underline;\">mit der Kunden-Nummer<\/span> und <span style=\"text-decoration: underline;\">mit dem Lieferschein-Datum<\/span> eindeutig. Damit ist der Lieferschein f\u00fcr Sie sehr einfach auffindbar!<\/span><\/p>\n<p><span style=\"font-family: arial, helvetica, sans-serif;\">Viele Kunden verstehen diese Art der Lieferschein-Nummerierung nicht und wollen eine lange LS-Nummer. Sie sind das eben so gewohnt und bestehen darauf. Daher gibt es in B\u00e4ckerei Ideal! auch die sogenannten <span style=\"text-decoration: underline;\">langen Lieferschein-Nummern<\/span>! Beispiel einer langen LS-Nummer: 26-000354. Auch bei den langen LS-Nummern wird das Gesch\u00e4ftsjahr (hier Pr\u00e4fix &#8222;26-&#8222;) mitgef\u00fchrt!<\/span><\/p>\n<p><span style=\"font-family: arial, helvetica, sans-serif;\"><span style=\"color: #800000;\"><strong>Wichtig!<\/strong><\/span> Die letzte lange Lieferschein-Nummer ist immer im Kunden-Datensatz (entweder des Lieferschein-Kunden oder des Fakturen-Kunden) verspeichert! (Anmerkung: &#8222;Zentrale LS-Nummern&#8220; wie in B\u00e4ckerei 2003 gibt es nicht mehr!). Lange Lieferschein-Nummern werden <span style=\"text-decoration: underline;\">nur beim Druck<\/span> eines Lieferscheines vergeben!!<\/span><\/p>\n<p><span style=\"font-family: arial, helvetica, sans-serif;\"><strong>Die langen LS-Nummern<\/strong> werden im Kundendatensatz auf der Registerkarte <strong>3-Lieferscheine<\/strong> aktiviert!<\/span><\/p>\n<p><img loading=\"lazy\" decoding=\"async\" class=\"alignnone wp-image-459\" src=\"https:\/\/wiki.backideal.com\/wp-content\/uploads\/2025\/03\/Form_KUNDE_Lange_LS_Nummern.png\" alt=\"\" width=\"400\" height=\"215\" \/><\/p>\n<p><span style=\"font-size: 14pt;\"><strong><span style=\"font-family: arial, helvetica, sans-serif;\">[x] Nein, keine langen Lieferschein-Nummern f\u00fchren!<\/span><\/strong><\/span><\/p>\n<p><span style=\"font-family: arial, helvetica, sans-serif;\">Sie verwenden beim Druck von Lieferscheinen ausschlie\u00dflich die kurzen Lieferschein-Nummern (1-6)<\/span><\/p>\n<p><span style=\"font-size: 14pt; font-family: arial, helvetica, sans-serif;\"><strong>[x] Nein, lange LS-Nummern beim Fakturen-Kunden f\u00fchren!<\/strong><\/span><\/p>\n<p><span style=\"font-family: arial, helvetica, sans-serif;\">Die n\u00e4chste Lieferschein-Nummer wird aus der letzten Lieferschein-Nummer + 1 beim Fakturen-Kunden ermittelt und dann dort auch abgespeichert.<\/span><\/p>\n<p><span style=\"font-family: arial, helvetica, sans-serif;\">Der Vorteil ergibt sich beim Lesen einer Sammelrechnung mit &#8222;[x] Lieferungen auf die Sammelrechnung aufdrucken?&#8220;, dass nun die Lieferschein-Nummern an die Lieferschein-Kunden innerhalb einer Fakturen-Periode fortlaufend angedruckt sind.<\/span><\/p>\n<p><span style=\"font-size: 14pt;\"><strong><span style=\"font-family: arial, helvetica, sans-serif;\">[x] Ja, lange LS-Nummern bei diesem Kunden f\u00fchren!<\/span> <\/strong><\/span><\/p>\n<p><span style=\"font-family: arial, helvetica, sans-serif;\">Die letzte an den Lieferschein-Kunden vergebene lange LS-Nummer wird beim Kunden verspeichert und z\u00e4hlt innerhalb eines Gesch\u00e4ftsjahres hoch.<\/span><\/p>\n<p><strong><span style=\"font-family: arial, helvetica, sans-serif; font-size: 14pt;\">[ &#8230;. ] Die LS-Nummer wird am Gesch\u00e4ftsjahres Beginn automatisch auf einen Wert zur\u00fcckgesetzt<\/span><\/strong><\/p>\n<p><span style=\"font-family: arial, helvetica, sans-serif;\">Bei Erreichen eines neuen Gesch\u00e4ftsjahres wird am ersten gedruckten Lieferschein die LS-Nummer automatisch auf den hier verspeicherten Wert +1 zur\u00fcckgesetzt. Wenn hier Null steht, dann beginnt die lange LS-Nummer im neuen Gesch\u00e4ftsjahr mit GJ-000001, beispielsweise lautet sie dann im Gesch\u00e4ftsjahr 2026 &#8222;26-000001&#8220;. Nat\u00fcrlich auch bei allen anderen Lieferschein-Kunden an diesem Tag, deren Eintrag hier auf Null stand!<\/span><\/p>\n<p>&nbsp;<\/p>\n","protected":false},"excerpt":{"rendered":"<p>Wir unterscheiden in B\u00e4ckerei Ideal! zwischen kurzen und langen Lieferschein-Nummern. B\u00e4ckerei Ideal! bietet bis zu 6 Lieferscheine je Kunde und Lieferdatum. Jeder Lieferschein tr\u00e4gt also eine kurze Lieferschein-Nummer von 1 bis 6. Der Lieferschein an sich ist durch das Lieferschein-Datum und den Kunden mit seiner Kunden-Nummer eindeutig bestimmt. Die LS-Nummer LIEFERSCHEIN: 3 kennzeichnet die Lieferschein-Nummer [&hellip;]<\/p>\n","protected":false},"author":1,"featured_media":0,"parent":14,"menu_order":5,"comment_status":"closed","ping_status":"closed","template":"","meta":{"footnotes":""},"class_list":["post-458","page","type-page","status-publish","hentry"],"_links":{"self":[{"href":"https:\/\/wiki.backideal.com\/index.php?rest_route=\/wp\/v2\/pages\/458","targetHints":{"allow":["GET"]}}],"collection":[{"href":"https:\/\/wiki.backideal.com\/index.php?rest_route=\/wp\/v2\/pages"}],"about":[{"href":"https:\/\/wiki.backideal.com\/index.php?rest_route=\/wp\/v2\/types\/page"}],"author":[{"embeddable":true,"href":"https:\/\/wiki.backideal.com\/index.php?rest_route=\/wp\/v2\/users\/1"}],"replies":[{"embeddable":true,"href":"https:\/\/wiki.backideal.com\/index.php?rest_route=%2Fwp%2Fv2%2Fcomments&post=458"}],"version-history":[{"count":5,"href":"https:\/\/wiki.backideal.com\/index.php?rest_route=\/wp\/v2\/pages\/458\/revisions"}],"predecessor-version":[{"id":465,"href":"https:\/\/wiki.backideal.com\/index.php?rest_route=\/wp\/v2\/pages\/458\/revisions\/465"}],"up":[{"embeddable":true,"href":"https:\/\/wiki.backideal.com\/index.php?rest_route=\/wp\/v2\/pages\/14"}],"wp:attachment":[{"href":"https:\/\/wiki.backideal.com\/index.php?rest_route=%2Fwp%2Fv2%2Fmedia&parent=458"}],"curies":[{"name":"wp","href":"https:\/\/api.w.org\/{rel}","templated":true}]}}