{"id":525,"date":"2025-03-30T09:18:55","date_gmt":"2025-03-30T07:18:55","guid":{"rendered":"https:\/\/wiki.backideal.com\/?page_id=525"},"modified":"2025-03-30T09:32:08","modified_gmt":"2025-03-30T07:32:08","slug":"u-stamm-1-allgemein","status":"publish","type":"page","link":"https:\/\/wiki.backideal.com\/?page_id=525","title":{"rendered":"U-Stamm: 1 \u2013 Allgemein"},"content":{"rendered":"<p><span style=\"text-decoration: underline;\"><span style=\"color: #0000ff;\"><a style=\"color: #0000ff;\" href=\"https:\/\/wiki.backideal.com\/?page_id=513\"><span style=\"font-family: arial, helvetica, sans-serif; font-size: 14pt;\">[Zur\u00fcck zum Unternehmens-Stamm]<\/span><\/a><\/span><\/span><\/p>\n<p><img loading=\"lazy\" decoding=\"async\" class=\"alignnone wp-image-503 size-large\" src=\"https:\/\/wiki.backideal.com\/wp-content\/uploads\/2025\/03\/Form_USTAMM_1-1024x535.png\" alt=\"\" width=\"760\" height=\"397\" \/><\/p>\n<p><span style=\"font-family: arial, helvetica, sans-serif; font-size: 14pt;\"><strong>Ausstellungsort der gedruckten Lieferscheine und Rechnungen<\/strong><\/span><\/p>\n<p><span style=\"font-family: arial, helvetica, sans-serif;\">Der Ort der Ausstellung ist vor allem eines der wesentlichen Merkmale aller Rechnungen<\/span><\/p>\n<p><span style=\"font-family: arial, helvetica, sans-serif; font-size: 14pt;\"><strong>DIe Hausw\u00e4hrung<\/strong> (3 Buchstaben)<\/span><\/p>\n<p><span style=\"font-family: arial, helvetica, sans-serif;\"><strong>B\u00e4ckerei Ideal!<\/strong> wird auch in andere L\u00e4nder verkauft und da gilt eben nicht nur der Euro (EUR).<\/span><\/p>\n<p><span style=\"font-family: arial, helvetica, sans-serif; font-size: 14pt;\"><strong>Die eigene UID<\/strong> (Umsatzsteuer-Identifikations-Nummer)<\/span><\/p>\n<p><span style=\"font-family: arial, helvetica, sans-serif;\">In \u00d6sterreich gilt die selbe UID f\u00fcrs In- und Ausland. Es gibt aber L\u00e4nder in der EU, in denen die UID f\u00fcrs Inland zB die Steuernummer ist und die UID f\u00fcrs Ausland jene ist, die auf Anfrage von der Steuerbeh\u00f6rde an den Betrieb vergeben wird. Die UID wird auf allen Rechnungen zus\u00e4tzlich zum Lizenz-Text angedruckt. Auslands-Rechnungen tragen selbstverst\u00e4ndlich immer die Auslands-UID.<\/span><\/p>\n<p><span style=\"font-family: arial, helvetica, sans-serif; font-size: 14pt;\"><strong>Tag + Monat des Gesch\u00e4ftsjahres-Beginns<\/strong><\/span><\/p>\n<p><span style=\"font-family: arial, helvetica, sans-serif;\">01\/01 steht f\u00fcr ein Gesch\u00e4ftsjahr, das dem Kalenderjahr entspricht. 01\/03 w\u00e4re hier einzutragen, wenn Ihr Gesch\u00e4ftsjahr am 1. M\u00e4rz beginnt. Lange Lieferschein-Nummern und alle Rechnungsnummern tragen das Gesch\u00e4ftsjahr am Anfang: 24-001234 w\u00e4re eine Rechnung jenes Gesch\u00e4ftsjahres, das im Jahr 2024 beginnt.<\/span><\/p>\n<p><span style=\"font-family: arial, helvetica, sans-serif; font-size: 14pt;\"><strong>Rechnungsnummer am Gesch\u00e4ftsjahres-Anfang automatisch zur\u00fccksetzen?<\/strong><\/span><\/p>\n<p><span style=\"font-family: arial, helvetica, sans-serif;\">Ein Problem bisheriger Programme war, dass die Benutzer verga\u00dfen, die Rechnungsnummer am Jahresanfang zur\u00fcckzustellen. Nun geschieht das automatisch auf eine zu w\u00e4hlende erste Rechnungsnummer. Wenn Sie hier 5000 eintragen, dann wird die erste Rechnungsnummer des Gesch\u00e4ftsjahres 2024 zB 24-005001 lauten. Damit ergibt sich der Vorteil, dass nachtr\u00e4glich geschriebene Rechnungen des Vor-(Gesch\u00e4fts)-Jahres automatisch die n\u00e4chste Rechnungsnummer noch des Vorjahres erhalten. Das Fakturendatum ist hier entscheidend. Beispiel: Sie bemerken am 12. J\u00e4nner 2024, dass Sie vergessen haben, dem Kunden X f\u00fcr den Dezember des Vorjahres (2023) eine Rechnung zu erstellen. Mit dem Fakturendatum 31.12.2023 erh\u00e4lt diese Rechnung automatisch die n\u00e4chstfolgende Rechnungsnummer von 2023 &#8211; auch wenn Sie 2024 schon mehrere Rechnungen an andere Kunden geschrieben haben. Ihr Steuerberater wird es Ihnen danken!<\/span><\/p>\n<p><span style=\"font-family: arial, helvetica, sans-serif;\"><strong><span style=\"font-size: 14pt;\">Letzte Rechnungsnummer (nur als Information!)<\/span><br \/>\n<\/strong><\/span><\/p>\n<p><span style=\"font-family: arial, helvetica, sans-serif;\">Hier wird Ihnen die zuletzt erstellte Rechnungsnummer GEZEIGT. <strong>Achtung!<\/strong> Es ist nicht mehr m\u00f6glich, hier eine andere Rechnungsnummer einzutragen! Dieses Feld dient jetzt nur mehr der Information!<\/span><\/p>\n<p><span style=\"text-decoration: underline;\"><span style=\"color: #0000ff;\"><a style=\"color: #0000ff;\" href=\"https:\/\/wiki.backideal.com\/?page_id=445\/\"><span style=\"font-family: arial, helvetica, sans-serif; font-size: 14pt;\">N\u00e4heres zum Gesch\u00e4ftsjahr<\/span><\/a><\/span><\/span><\/p>\n<p>&nbsp;<\/p>\n<p>&nbsp;<\/p>\n<p>&nbsp;<\/p>\n<p>&nbsp;<\/p>\n","protected":false},"excerpt":{"rendered":"<p>[Zur\u00fcck zum Unternehmens-Stamm] Ausstellungsort der gedruckten Lieferscheine und Rechnungen Der Ort der Ausstellung ist vor allem eines der wesentlichen Merkmale aller Rechnungen DIe Hausw\u00e4hrung (3 Buchstaben) B\u00e4ckerei Ideal! wird auch in andere L\u00e4nder verkauft und da gilt eben nicht nur der Euro (EUR). Die eigene UID (Umsatzsteuer-Identifikations-Nummer) In \u00d6sterreich gilt die selbe UID f\u00fcrs In- [&hellip;]<\/p>\n","protected":false},"author":1,"featured_media":0,"parent":513,"menu_order":1,"comment_status":"closed","ping_status":"closed","template":"","meta":{"footnotes":""},"class_list":["post-525","page","type-page","status-publish","hentry"],"_links":{"self":[{"href":"https:\/\/wiki.backideal.com\/index.php?rest_route=\/wp\/v2\/pages\/525","targetHints":{"allow":["GET"]}}],"collection":[{"href":"https:\/\/wiki.backideal.com\/index.php?rest_route=\/wp\/v2\/pages"}],"about":[{"href":"https:\/\/wiki.backideal.com\/index.php?rest_route=\/wp\/v2\/types\/page"}],"author":[{"embeddable":true,"href":"https:\/\/wiki.backideal.com\/index.php?rest_route=\/wp\/v2\/users\/1"}],"replies":[{"embeddable":true,"href":"https:\/\/wiki.backideal.com\/index.php?rest_route=%2Fwp%2Fv2%2Fcomments&post=525"}],"version-history":[{"count":11,"href":"https:\/\/wiki.backideal.com\/index.php?rest_route=\/wp\/v2\/pages\/525\/revisions"}],"predecessor-version":[{"id":538,"href":"https:\/\/wiki.backideal.com\/index.php?rest_route=\/wp\/v2\/pages\/525\/revisions\/538"}],"up":[{"embeddable":true,"href":"https:\/\/wiki.backideal.com\/index.php?rest_route=\/wp\/v2\/pages\/513"}],"wp:attachment":[{"href":"https:\/\/wiki.backideal.com\/index.php?rest_route=%2Fwp%2Fv2%2Fmedia&parent=525"}],"curies":[{"name":"wp","href":"https:\/\/api.w.org\/{rel}","templated":true}]}}