{"id":660,"date":"2025-03-30T17:16:01","date_gmt":"2025-03-30T15:16:01","guid":{"rendered":"https:\/\/wiki.backideal.com\/?page_id=660"},"modified":"2025-03-30T17:25:08","modified_gmt":"2025-03-30T15:25:08","slug":"u-stamm-14-eigene-e-mail-daten","status":"publish","type":"page","link":"https:\/\/wiki.backideal.com\/?page_id=660","title":{"rendered":"U-Stamm: 14 &#8211; eigene e-Mail-Daten"},"content":{"rendered":"<p><a href=\"https:\/\/wiki.backideal.com\/?page_id=513\"><span style=\"text-decoration: underline;\"><span style=\"font-family: arial, helvetica, sans-serif; font-size: 14pt; color: #0000ff; text-decoration: underline;\">[Zur\u00fcck zum Unternehmens-Stamm]<\/span><\/span><\/a><\/p>\n<p><img loading=\"lazy\" decoding=\"async\" class=\"alignnone wp-image-665 size-large\" src=\"https:\/\/wiki.backideal.com\/wp-content\/uploads\/2025\/03\/Form_USTAMM_14-1024x545.png\" alt=\"\" width=\"760\" height=\"404\" \/><\/p>\n<p><strong><span style=\"font-family: arial, helvetica, sans-serif; color: #800000;\">Sie wollen Lieferscheine und Rechnungen per e-Mail versenden? Wenn ja, dann m\u00fcssen Sie die hier gezeigten Felder ausf\u00fcllen!<\/span><\/strong><\/p>\n<p><span style=\"font-family: arial, helvetica, sans-serif;\">Voraussetzung ist nat\u00fcrlich, dass Sie die Daten Ihrer eigenen e-Mail-Verbindung kennen.<\/span><\/p>\n<p><span style=\"font-family: arial, helvetica, sans-serif;\">Zu beachten ist, dass eigene gmail und outlook Konten eine getrennte Authentifizierung ben\u00f6tigen, die hier noch nicht ber\u00fccksichtigt ist!<\/span><\/p>\n<p><span style=\"font-family: arial, helvetica, sans-serif;\">Anleitungen zum Ausf\u00fcllen dieser Seite f\u00fcr spezielle Verbindungen werden wir noch ver\u00f6ffentlichen!<\/span><\/p>\n<p>&nbsp;<\/p>\n","protected":false},"excerpt":{"rendered":"<p>[Zur\u00fcck zum Unternehmens-Stamm] Sie wollen Lieferscheine und Rechnungen per e-Mail versenden? Wenn ja, dann m\u00fcssen Sie die hier gezeigten Felder ausf\u00fcllen! Voraussetzung ist nat\u00fcrlich, dass Sie die Daten Ihrer eigenen e-Mail-Verbindung kennen. Zu beachten ist, dass eigene gmail und outlook Konten eine getrennte Authentifizierung ben\u00f6tigen, die hier noch nicht ber\u00fccksichtigt ist! Anleitungen zum Ausf\u00fcllen dieser [&hellip;]<\/p>\n","protected":false},"author":1,"featured_media":0,"parent":513,"menu_order":14,"comment_status":"closed","ping_status":"closed","template":"","meta":{"footnotes":""},"class_list":["post-660","page","type-page","status-publish","hentry"],"_links":{"self":[{"href":"https:\/\/wiki.backideal.com\/index.php?rest_route=\/wp\/v2\/pages\/660","targetHints":{"allow":["GET"]}}],"collection":[{"href":"https:\/\/wiki.backideal.com\/index.php?rest_route=\/wp\/v2\/pages"}],"about":[{"href":"https:\/\/wiki.backideal.com\/index.php?rest_route=\/wp\/v2\/types\/page"}],"author":[{"embeddable":true,"href":"https:\/\/wiki.backideal.com\/index.php?rest_route=\/wp\/v2\/users\/1"}],"replies":[{"embeddable":true,"href":"https:\/\/wiki.backideal.com\/index.php?rest_route=%2Fwp%2Fv2%2Fcomments&post=660"}],"version-history":[{"count":8,"href":"https:\/\/wiki.backideal.com\/index.php?rest_route=\/wp\/v2\/pages\/660\/revisions"}],"predecessor-version":[{"id":671,"href":"https:\/\/wiki.backideal.com\/index.php?rest_route=\/wp\/v2\/pages\/660\/revisions\/671"}],"up":[{"embeddable":true,"href":"https:\/\/wiki.backideal.com\/index.php?rest_route=\/wp\/v2\/pages\/513"}],"wp:attachment":[{"href":"https:\/\/wiki.backideal.com\/index.php?rest_route=%2Fwp%2Fv2%2Fmedia&parent=660"}],"curies":[{"name":"wp","href":"https:\/\/api.w.org\/{rel}","templated":true}]}}