{"id":690,"date":"2025-03-30T17:43:27","date_gmt":"2025-03-30T15:43:27","guid":{"rendered":"https:\/\/wiki.backideal.com\/?page_id=690"},"modified":"2025-03-31T06:11:30","modified_gmt":"2025-03-31T04:11:30","slug":"u-stamm-17-buchhaltung","status":"publish","type":"page","link":"https:\/\/wiki.backideal.com\/?page_id=690","title":{"rendered":"U-Stamm: 17 &#8211; Buchhaltung"},"content":{"rendered":"<p><a href=\"https:\/\/wiki.backideal.com\/?page_id=513\"><span style=\"text-decoration: underline;\"><span style=\"font-family: arial, helvetica, sans-serif; font-size: 14pt; color: #0000ff; text-decoration: underline;\">[Zur\u00fcck zum Unternehmens-Stamm]<\/span><\/span><\/a><\/p>\n<p><img loading=\"lazy\" decoding=\"async\" class=\"alignnone wp-image-695 size-large\" src=\"https:\/\/wiki.backideal.com\/wp-content\/uploads\/2025\/03\/Form_USTAMM_17-1024x535.png\" alt=\"\" width=\"760\" height=\"397\" \/><\/p>\n<p><span style=\"font-family: arial, helvetica, sans-serif;\">Falls Sie die Rechnungen aus <strong>B\u00e4ckerei Ideal!<\/strong> in eine Buchhaltung \u00fcberleiten wollen, so haben Sie hier die M\u00f6glichkeit, die Eingaben der Kundenkonten und der Erl\u00f6skonten \u00fcberpr\u00fcfen zu k\u00f6nnen.<\/span><\/p>\n<p><span style=\"font-family: arial, helvetica, sans-serif;\">Die mit Sicherheit folgenden e-Rechnungen f\u00fcr <strong>B\u00e4ckerei Ideal!<\/strong> nach den Normen X-Factur oder Zugpferd werden hier vermutlich noch einige Definitionen erfordern.<\/span><\/p>\n<p>&nbsp;<\/p>\n<p>&nbsp;<\/p>\n","protected":false},"excerpt":{"rendered":"<p>[Zur\u00fcck zum Unternehmens-Stamm] Falls Sie die Rechnungen aus B\u00e4ckerei Ideal! in eine Buchhaltung \u00fcberleiten wollen, so haben Sie hier die M\u00f6glichkeit, die Eingaben der Kundenkonten und der Erl\u00f6skonten \u00fcberpr\u00fcfen zu k\u00f6nnen. Die mit Sicherheit folgenden e-Rechnungen f\u00fcr B\u00e4ckerei Ideal! nach den Normen X-Factur oder Zugpferd werden hier vermutlich noch einige Definitionen erfordern. &nbsp; &nbsp;<\/p>\n","protected":false},"author":1,"featured_media":0,"parent":513,"menu_order":17,"comment_status":"closed","ping_status":"closed","template":"","meta":{"footnotes":""},"class_list":["post-690","page","type-page","status-publish","hentry"],"_links":{"self":[{"href":"https:\/\/wiki.backideal.com\/index.php?rest_route=\/wp\/v2\/pages\/690","targetHints":{"allow":["GET"]}}],"collection":[{"href":"https:\/\/wiki.backideal.com\/index.php?rest_route=\/wp\/v2\/pages"}],"about":[{"href":"https:\/\/wiki.backideal.com\/index.php?rest_route=\/wp\/v2\/types\/page"}],"author":[{"embeddable":true,"href":"https:\/\/wiki.backideal.com\/index.php?rest_route=\/wp\/v2\/users\/1"}],"replies":[{"embeddable":true,"href":"https:\/\/wiki.backideal.com\/index.php?rest_route=%2Fwp%2Fv2%2Fcomments&post=690"}],"version-history":[{"count":8,"href":"https:\/\/wiki.backideal.com\/index.php?rest_route=\/wp\/v2\/pages\/690\/revisions"}],"predecessor-version":[{"id":716,"href":"https:\/\/wiki.backideal.com\/index.php?rest_route=\/wp\/v2\/pages\/690\/revisions\/716"}],"up":[{"embeddable":true,"href":"https:\/\/wiki.backideal.com\/index.php?rest_route=\/wp\/v2\/pages\/513"}],"wp:attachment":[{"href":"https:\/\/wiki.backideal.com\/index.php?rest_route=%2Fwp%2Fv2%2Fmedia&parent=690"}],"curies":[{"name":"wp","href":"https:\/\/api.w.org\/{rel}","templated":true}]}}